ors of o?
2, 3, 199
Let b(g) = 7*g + 1. Let c be b(-1). Let r = 6 + c. Suppose r*n - 8 = -4*n. What are the prime factors of n?
2
Let o(y) = -3*y - 3 + 6*y + 0*y - 2*y. Let b be o(-4). Let f(j) = -j**2 - 8*j + 8. List the prime factors of f(b).
3, 5
Let o be 117/45 - 3/5. What are the prime factors of (1 - (7 - o)) + (0 - -163)?
3, 53
Let j(u) = -u**3 - 9*u**2 - 2*u + 5. Suppose 2*t - 4*l = -2, -2*l - l + 9 = t. Suppose -84 = 5*x + 5*b - 14, 2*b - 17 = t*x. List the prime factors of j(x).
23
Let q be 9/3 + 1/1. Let m be (-99)/(-6) + q/(-8). List the prime factors of (0 - -30) + (m - 18).
2, 7
Let y(d) = -10*d + 49. List the prime factors of y(-29).
3, 113
Let z(i) = i**3 + 3*i**2 + 10*i + 1. Let h be z(-6). Let b = -164 - h. List the prime factors of b.
3
Let l(j) = -10*j**2 - 17*j + 50. Let i be l(7). Let r = -308 - i. What are the prime factors of r?
251
What are the prime factors of (0 + -30)/(2 + 3*-1)?
2, 3, 5
Let b be (14/28)/(1/298). Let p be (4 - b)*(-9)/15. Suppose 0 = -3*m + 27 + p. What are the prime factors of m?
2, 19
Suppose -3*a + 16359 = 3*s, 11*a = 4*s + 6*a - 21803. What are the prime factors of s?
2, 29, 47
Suppose 6*t = 3*t + 1623. List the prime factors of t.
541
Let l(i) = i**3 + 4*i**2 - 6*i - 2. Let o be l(-5). Suppose o*c - 4*t - 130 = 0, 3*t - 6*t = 3*c - 144. What are the prime factors of c?
2, 23
Let t(u) be the third derivative of u**6/120 - u**5/60 + u**4/24 - u**3/2 - 6*u**2. List the prime factors of t(3).
2, 3
Let w = -93 + 87. Let d(f) = f**3 + f**2 + 2*f + 2. Let v be d(-2). List the prime factors of w*(40/v)/2.
2, 5
What are the prime factors of (-20178)/(-16) - (-4 + 132/32)?
13, 97
Let q(p) = -21*p - 74. List the prime factors of q(-17).
283
Suppose -12*d - 704 = -13*d. What are the prime factors of d?
2, 11
Let o = 3 + 2. Suppose 4*y - 2*l = 3*y + 5, -4*l = -o*y + 25. Suppose -14 + y = -p. List the prime factors of p.
3
Let p(t) = -2*t**3 - 20*t**2 + 14*t + 30. List the prime factors of p(-12).
2, 3, 73
Suppose 0 = -16*c + 11*c + 10. Suppose c*g + 180 = 8*g. List the prime factors of g.
2, 3, 5
Let r = 5664 + -3339. List the prime factors of r.
3, 5, 31
Let v = 16 + 28. Let m = 102 - v. What are the prime factors of m?
2, 29
Let j be (-12)/(1 - 0) + -1. Let d = j - -13. Suppose d*b - b + 11 = 0. What are the prime factors of b?
11
Let a(p) = -6*p - 1. Let i(b) = 7*b + 1. Let x(z) = -6*a(z) - 5*i(z). Let u be x(-1). Suppose -5*r + 11*r - 276 = u. What are the prime factors of r?
2, 23
Let f(j) = 55*j. What are the prime factors of f(9)?
3, 5, 11
Suppose -2*h + 116 + 24 = 0. Suppose 17*t = 67 + 443. List the prime factors of (-40)/t - h/(-3).
2, 11
Suppose 3*x = -5*z - 29, 3*x + 3 = z + 8*x. What are the prime factors of (-774)/(-21) - 1/z?
37
Let t = 0 - 0. List the prime factors of 4 + 1 + -1 + t.
2
Let h(r) = -6*r + r**3 - 2 - 4 + 4*r**2 + 5. Let d be h(-5). Suppose 2*t = d*t - 38. List the prime factors of t.
19
Suppose -l + 787 = 71. What are the prime factors of l?
2, 179
Let v = -347 + 735. What are the prime factors of v?
2, 97
What are the prime factors of 696 + (5*-1 - 150/(-30))?
2, 3, 29
Suppose -16*f = -12*f - 868. What are the prime factors of f?
7, 31
Let w = 1718 - 1092. What are the prime factors of w?
2, 313
Let p = 93 + -17. Suppose -2*g - g = -2*i + 156, i = g + p. What are the prime factors of i?
2, 3
Suppose -5*p = 5*o - 2105, -3*o + 6 + 9 = 0. List the prime factors of p.
2, 13
Suppose -p = -5*g + 96, -5*g = -2*p + 3*p - 104. Suppose -g*u = -17*u - 270. List the prime factors of u.
2, 3, 5
Suppose -252*k + 39845 = -239*k. What are the prime factors of k?
5, 613
Let h(f) = f**2 - 6*f + 2. Let k(i) = -i**2 + 3 + 4 + 2*i**2 - 4 - 5*i. Let v(t) = -5*h(t) + 4*k(t). What are the prime factors of v(10)?
2
What are the prime factors of 30/(48/(-8)) + (179 - -1)?
5, 7
Let w(i) = 3*i - 5. Let f(m) = -m**2 + 11*m - 6. Let q(l) = -2*l + 6. Let a be q(-2). Let k be f(a). List the prime factors of w(k).
7
Suppose 5*t - 245 = -d, 29*d - 31*d = -t - 435. What are the prime factors of d?
2, 5, 11
Suppose -7*u + 3*u = 0. Let i(x) = -x**3 - x**2 - 13. Let t be i(u). List the prime factors of t*(1 + 0 + -2).
13
Let u be (-15)/(-2)*4*1/(-3). What are the prime factors of 2/5 - 1636/u?
2, 41
Let m(z) = -3*z - 17. Let g be m(-10). Let v(h) = h - 9. Let k be v(g). Suppose k*f = -5 + 145. List the prime factors of f.
5, 7
Let m(t) = t - 12. Let i be m(14). Let l = 14 - i. List the prime factors of l.
2, 3
Suppose 0 = 68*q - 61*q - 2842. List the prime factors of q.
2, 7, 29
Let w = 38 + -9. Suppose 0 = -2*k + 2*i - 24, -5*k - 9 = -4*i + 47. Let g = k + w. List the prime factors of g.
3, 7
Let l = 927 + -830. List the prime factors of l.
97
Let i(k) = -k**3 - 10*k**2 - 11*k - 13. Let r be (-2)/(-2)*-8 - 1. Let y be i(r). Let v = 8 - y. List the prime factors of v.
3
Let t be 148/10 - 1/(-5). What are the prime factors of 12*12/t*15?
2, 3
Suppose -81 = -3*r - 18. Let i(k) = -k - 15. Let d be i(-22). Let a = d + r. List the prime factors of a.
2, 7
Let n = -53 - -935. What are the prime factors of n/10 + (-18)/15 + 2?
89
Suppose 0*s = -5*s + 10. Suppose 142 = 3*u - 0*u - 5*z, -4*z = 5*u - 212. Suppose -m = -h - u, -s*m = -3*m + 5*h + 36. What are the prime factors of m?
2, 23
List the prime factors of (332/(-6))/(3/(-9)).
2, 83
Let t be (0 - 4/(-12))*0. Suppose 3*v + 2*j = 97, v + t*j - 34 = j. What are the prime factors of v?
3, 11
Suppose 8 = -3*p - p. Let z = -18 - p. List the prime factors of (-57)/(76/z + 4).
2, 19
Suppose -15705 = -18*m - 4905. List the prime factors of m.
2, 3, 5
Let p be 0 + 0/(1 + -2). Suppose p = -2*k + 4*w - 2, -4 = -4*w + 4. List the prime factors of 10*(108/15 - k).
2, 3, 7
Let x = 5509 + -2830. List the prime factors of x.
3, 19, 47
Suppose 9 + 10 = 3*r + 5*k, 5*r - 3*k - 9 = 0. Suppose -2*m = -r - 7. Let z(d) = 2*d - 5. List the prime factors of z(m).
5
Suppose 3*t = 8*t - 50. Let s(w) = 5*w + 72. List the prime factors of s(t).
2, 61
Let n(r) = -2*r**2 + 27*r - 2. Let j be n(15). Let s = -12 - j. List the prime factors of s.
5, 7
Suppose 3*u - 9 = 6. Let a(d) = -8*d - 194. Let z be a(-42). Suppose -u*y + z = w - 57, -y - 2*w + 38 = 0. What are the prime factors of y?
2, 5
Suppose -10*v = -11*v + 33. What are the prime factors of v?
3, 11
Let x(j) = -j**2 + 9*j - 7. Let t be x(8). Let r be -1 + (-2)/((-2)/(-2)). What are the prime factors of (r + -37)*t/(-2)?
2, 5
Let j(g) = g. Let n(d) = 5*d + 12. Let b(q) = -4*j(q) + n(q). Let i be b(-10). Suppose -i*p = 3*k - 51, 4*p = 2*k - p - 53. What are the prime factors of k?
19
Suppose -4*k - 744 = -m, -2140 - 741 = -4*m - 3*k. Suppose m = 6*p - 2*p. List the prime factors of p.
181
Let x(z) = z + 1. Let t(n) = 10*n + 3. Let j(w) = -t(w) + 5*x(w). Let c = 619 - 627. What are the prime factors of j(c)?
2, 3, 7
Let w(p) = 21*p - 16. Let y be w(-9). Let h = y + 424. List the prime factors of h.
3, 73
Let v(j) = j + 4. Suppose -b + 6*b + 2*t - 18 = 0, 4*b = -5*t + 11. What are the prime factors of v(b)?
2
Let k = -156 - -80. Let x = k + 167. Let i = x - 45. What are the prime factors of i?
2, 23
Suppose -12 = 4*w - 20. Suppose 3*p + 248 = 4*v, w*v - 124 = -4*p - p. List the prime factors of v.
2, 31
Let d(h) = -h + 6. Let b = 22 - 31. Let r be (0/(-2))/(b - -8). List the prime factors of d(r).
2, 3
Let z be -37 - 8/(-3 - -7). Let b = 15 + z. Let y = 45 + b. What are the prime factors of y?
3, 7
Let o(f) = -f**3 - 26*f**2 - 37*f - 9. List the prime factors of o(-28).
3, 5, 173
Let a(y) = -y**3 - 2*y**2 + 6*y + 4. Let u be (-2)/(-6)*5*-3. Let t be a(u). Let x = t - 6. List the prime factors of x.
43
Let h(o) = 35*o**2 - 34*o - 108. What are the prime factors of h(11)?
3, 139
List the prime factors of (13258/(-21))/(56/(-12) + 4).
947
Let g(d) = -d**3 - 2*d**2 + 42*d + 6. Let b be g(-8). Let z be (2 - (-2)/(-3))*3. Let r = b + z. List the prime factors of r.
2, 29
Let g = -176 + -33. List the prime factors of 1*(2 + -3)*g.
11, 19
Let h(f) = -f**2 - 55*f - 48. What are the prime factors of h(-17)?
2, 13, 23
Let l(q) = -18*q - 8. Let k = 99 - 106. What are the prime factors of l(k)?
2, 59
Let f = 82 - 153. Let j = 76 + f. What are the prime factors of j?
5
Let f(o) = -3*o**3 - 9*o**2 + 18*o + 67. List the prime factors of f(-7).
23
Let k = 4